or of 311?
False
Does 7 divide 258?
False
Is 1502 a multiple of 77?
False
Does 9 divide 30429?
True
Is 6 a factor of 3342?
True
Is 4480 a multiple of 24?
False
Does 11 divide 2283?
False
Is 3 a factor of 517?
False
Is 9 a factor of 15200?
False
Is 126 a factor of 1006?
False
Is 28 a factor of 219?
False
Is 6180 a multiple of 20?
True
Does 76 divide 8740?
True
Does 21 divide 609?
True
Is 536 a multiple of 20?
False
Is 2640 a multiple of 54?
False
Is 3 a factor of 183?
True
Is 11 a factor of 231?
True
Is 434 a multiple of 7?
True
Is 23 a factor of 80773?
False
Is 1324 a multiple of 40?
False
Is 57 a factor of 2446?
False
Does 17 divide 2763?
False
Is 13081 a multiple of 4?
False
Does 26 divide 17680?
True
Is 2820 a multiple of 10?
True
Is 19971 a multiple of 63?
True
Is 345 a multiple of 23?
True
Is 15 a factor of 2145?
True
Is 82 a factor of 1558?
True
Is 1211 a multiple of 12?
False
Does 17 divide 60468?
False
Does 87 divide 3045?
True
Does 37 divide 1188?
False
Does 16 divide 1461?
False
Does 27 divide 3135?
False
Is 12 a factor of 945?
False
Is 22 a factor of 12503?
False
Does 58 divide 1334?
True
Does 175 divide 13650?
True
Does 15 divide 45?
True
Is 7835 a multiple of 12?
False
Does 29 divide 20851?
True
Is 27591 a multiple of 51?
True
Is 38 a factor of 67982?
True
Is 2 a factor of 17?
False
Is 13 a factor of 3563?
False
Is 2 a factor of 526?
True
Does 17 divide 8517?
True
Is 384 a factor of 38784?
True
Is 12 a factor of 2094?
False
Does 9 divide 178?
False
Is 6023 a multiple of 157?
False
Does 38 divide 59328?
False
Does 4 divide 156?
True
Does 2 divide 1455?
False
Does 40 divide 3120?
True
Does 2 divide 3535?
False
Is 1074 a multiple of 3?
True
Does 28 divide 5610?
False
Is 37 a factor of 26279?
False
Does 60 divide 10200?
True
Does 48 divide 54868?
False
Is 67 a factor of 6097?
True
Is 186 a multiple of 77?
False
Is 10481 a multiple of 3?
False
Does 57 divide 40356?
True
Does 141 divide 28714?
False
Does 8 divide 1040?
True
Is 92 a factor of 276?
True
Is 60 a multiple of 10?
True
Does 13 divide 6963?
False
Does 12 divide 12?
True
Does 14 divide 51646?
True
Does 9 divide 442?
False
Is 1603 a multiple of 32?
False
Is 900 a multiple of 20?
True
Does 4 divide 548?
True
Is 19 a factor of 95?
True
Does 14 divide 6359?
False
Is 10 a factor of 40?
True
Is 19 a factor of 21014?
True
Does 62 divide 6634?
True
Is 3132 a multiple of 13?
False
Does 137 divide 29277?
False
Is 483 a multiple of 2?
False
Does 14 divide 215376?
True
Does 32 divide 2499?
False
Is 11 a factor of 131?
False
Is 26448 a multiple of 76?
True
Is 234 a multiple of 34?
False
Is 79 a factor of 158?
True
Is 1708 a multiple of 5?
False
Is 915 a multiple of 11?
False
Is 684 a multiple of 40?
False
Is 86 a factor of 10062?
True
Does 67 divide 603?
True
Is 1677 a multiple of 221?
False
Is 102 a factor of 4590?
True
Does 11 divide 5566?
True
Is 42 a factor of 1641?
False
Is 217 a multiple of 5?
False
Does 19 divide 78755?
True
Is 50 a factor of 270?
False
Does 20 divide 580?
True
Is 40 a factor of 2850?
False
Is 53550 a multiple of 306?
True
Is 7421 a multiple of 11?
False
Is 38 a factor of 27582?
False
Does 31 divide 475?
False
Is 9 a factor of 4081?
False
Is 88 a factor of 1144?
True
Is 293 a multiple of 6?
False
Does 118 divide 13570?
True
Is 445 a factor of 160675?
False
Is 1311 a multiple of 19?
True
Does 96 divide 2477?
False
Is 2339 a multiple of 133?
False
Is 17 a factor of 37687?
False
Is 84163 a multiple of 34?
False
Is 70 a factor of 13890?
False
Is 14721 a multiple of 7?
True
Is 18 a factor of 1242?
True
Is 10 a factor of 246?
False
Is 2826 a multiple of 18?
True
Is 9 a factor of 65?
False
Is 580 a multiple of 29?
True
Is 14448 a multiple of 84?
True
Is 792 a multiple of 3?
True
Does 17 divide 219?
False
Does 4 divide 830?
False
Does 25 divide 13866?
False
Does 17 divide 71929?
False
Is 18 a factor of 20100?
False
Is 37 a factor of 9234?
False
Is 37968 a multiple of 48?
True
Is 385 a multiple of 8?
False
Is 842 a multiple of 54?
False
Is 45 a factor of 9260?
False
Is 6 a factor of 239?
False
Is 298 a factor of 37250?
True
Does 33 divide 462?
True
Is 5 a factor of 184?
False
Is 109 a factor of 28132?
False
Is 6 a factor of 3648?
True
Does 11 divide 58399?
True
Is 7 a factor of 61803?
True
Is 97 a factor of 17475?
False
Does 6 divide 8383?
False
Is 21221 a multiple of 8?
False
Does 19 divide 4135?
False
Does 52 divide 3522?
False
Is 31280 a multiple of 5?
True
Is 2765 a multiple of 11?
False
Is 47 a factor of 423?
True
Is 32296 a multiple of 8?
True
Does 3 divide 385?
False
Is 14 a factor of 45430?
True
Is 24 a factor of 1051?
False
Is 736 a multiple of 46?
True
Is 132098 a multiple of 185?
False
Does 44 divide 1452?
True
Is 1428 a multiple of 10?
False
Is 26481 a multiple of 33?
False
Does 31 divide 424?
False
Is 16 a factor of 1328?
True
Is 20954 a multiple of 302?
False
Is 12 a factor of 72?
True
Is 56074 a multiple of 46?
True
Does 4 divide 140?
True
Is 12 a factor of 44028?
True
Is 7114 a multiple of 30?
False
Is 1260 a multiple of 12?
True
Does 6 divide 7121?
False
Is 188 a factor of 11802?
False
Does 173 divide 80099?
True
Is 9957 a multiple of 81?
False
Does 32 divide 160?
True
Is 9 a factor of 659?
False
Is 755 a multiple of 29?
False
Is 1239 a multiple of 22?
False
Is 1088 a multiple of 48?
False
Is 21 a factor of 21?
True
Is 50 a factor of 54826?
False
Is 16 a factor of 13696?
True
Does 47 divide 705?
True
Is 4 a factor of 1823?
False
Is 436 a multiple of 17?
False
Is 16 a factor of 2289?
False
Is 580 a multiple of 18?
False
Is 2477 a multiple of 77?
False
Is 84 a multiple of 14?
True
Is 4521 a multiple of 33?
True
Is 8 a multiple of 2?
True
Is 2288 a multiple of 11?
True
Is 1670 a multiple of 48?
False
Does 14 divide 10467?
False
Does 46 divide 8070?
False
Is 120 a multiple of 40?
True
Does 17 divide 29716?
True
Does 24 divide 72?
True
Does 85 divide 23460?
True
Is 17 a factor of 16471?
False
Is 36 a factor of 106?
False
Is 41 a factor of 656?
True
Does 4 divide 1373?
False
Does 35 divide 1478?
False
Does 168 divide 1512?
True
Does 8 divide 9211?
False
Is 840 a multiple of 20?
True
Is 10486 a multiple of 14?
True
Is 28 a factor of 2840?
False
Is 2778 a multiple of 6?
True
Is 1295 a multiple of 80?
False
Does 12 divide 2316?
True
Does 7 divide 829?
False
Does 112 divide 92618?
False
Does 106 divide 16778?
False
Is 305 a multiple of 52?
False
Does 28 divide 979?
False
Is 11 a factor of 1410?
False
Is 8 a factor of 373?
False
Does 23 divide 232?
False
Does 4 divide 81?
False
Is 6313 a multiple of 2?
False
Is 6 a factor of 2009?
False
Is 171 a multiple of 9?
True
Is 475 a multiple of 6?
False
Is 22 a factor of 1113?
False
Does 10 divide 1280?
True
Does 72 divide 8463?
False
Does 2 divide 196?
True
Is 12040 a multiple of 28?
True
Does 139 divide 15716?
False
Is 825 a multiple of 25?
True
Does 11 divide 436?
False
Is 23 a factor of 8970?
True
Is 20 a factor of 4679?
False
Does 323 divide 22287?
True
Is 70300 a multiple of 8?
False
Is 10622 a multiple of 25?
False
Is 29023 a multiple of 61?
False
Is 19044 a multiple of 200?
False
Is 2 a factor of 161?
False
Is 11718 a multiple of 186?
True
Is 35 a factor of 1295?
True
Is 16 a factor of 56695?
False
Is 13535 a multiple of 68?
False
Is 20 a factor of 360?
True
Does 190 divide 28373?
False
Is 3036 a multiple of 120?
False
Does 2 divide 96?
True
Is 78676 a multiple of 178?
True
Is 3988 a multiple of 122?
False
Does 26 divide 2340?
True
Is 1197 a multiple of 57?
True
Does 67 divide 134?
True
Does 57 divide 9376?
False
Is 22 a factor of 48206?
False
Is 49 a factor of 343?
True
Is 43 a factor of 5495?
False
Does 8 divide 5335?
False
Is 18 a factor of 7236?
True
Is 78 a factor of 440?
False
Does 54 divide 14163?
False
Is 13932 a multiple of 129?
True
Does 10 divide 2600?
True
Is 315 a multiple of 7?
True
Does 158 divide 4108?
True
Is 9922 a multiple of 16?
False
Is 14504 a multiple of 74?
True
Is 25429 a multiple of 44?
False
Is 7 a factor of 16?
False
Is 56 a factor of 1232?
True
Does 32 divide 11089?
False
Is 11 a factor of 1695?
False
Is 12 a factor of 2629?
False
Is 6 a factor of 102?
True
Does 23 divide 616?
False
Is 403 a multiple of 13?
True
Does 258 divide 784?
False
Does 112 divide 3490?
False
Does 17 divide 9793?
